the remainder when 134 is divided by i(f).
32
Suppose -5*c + 35 = -0*c. Suppose 16*s - 10064 = -18*s. What is the remainder when 233/7 + (5 - s/56) is divided by c?
5
Let r(i) = -i**3 - 21*i**2 + 23*i + 67. Calculate the remainder when 165 is divided by r(-22).
30
Let j = 32113 + -31722. Calculate the remainder when 12509 is divided by j.
388
Let g = -1278 + 2275. What is the remainder when g is divided by 100?
97
Let r(p) = -2*p - 5. Let m(i) = -12*i - 24. Let j(n) = -4*m(n) + 22*r(n). Calculate the remainder when 321 is divided by j(15).
45
Suppose -10325 = -23*x - 12*x. Suppose x = -5*g + 1380. Calculate the remainder when g is divided by 76.
65
Let z(d) = -d**3 + 19*d**2 - 16*d - 195. Calculate the remainder when z(16) is divided by 31.
7
Suppose -44*s + 2142 = -4370. Calculate the remainder when 5770 is divided by s.
146
Let b = 5196 + 5015. Calculate the remainder when b is divided by 69.
68
Let v(i) = -105*i**2 + 5*i - 10. Let r be v(3). Let a = r - -1327. What is the remainder when a is divided by 99?
90
Let p = -4950 - -5136. What is the remainder when p is divided by 5?
1
Let l(j) = -j**3 + 7*j**2 + 34*j - 48. Let p be l(9). Calculate the remainder when ((-1 - -1) + -136)*(-72)/p is divided by 19.
7
Let a(r) = -72*r - 99. Let v be a(7). Let z = 676 + v. What is the remainder when z is divided by 27?
19
Let j be -2 + (4/(-8))/(-1)*6. Suppose y + 70 = 5*b, 4*y + 67 = 4*b + y. What is the remainder when b is divided by j + 1 + -1 + 4?
3
Suppose 5*j = -3*g + 2*j + 348, 5*g - 580 = 5*j. Suppose 113 = u + 5*z, 2*u = 4*z + g + 166. What is the remainder when u is divided by 17?
14
Let f(a) = a**3 + 120*a**2 + 128*a + 1105. What is the remainder when 177 is divided by f(-119)?
7
What is the remainder when (12 - 3)/27*(3 + 147) is divided by 48?
2
Let d = 28500 + -28392. Calculate the remainder when 530 is divided by d.
98
Let g(i) = -2*i**2 - 26*i - 9. Let c = 10 - 22. Let d = 11 - 2. Calculate the remainder when g(c) is divided by d.
6
Let a(q) = -q**3 + q**2 + 17. Suppose -48*b + 40*b = g + 31, 5*b + 43 = 2*g. What is the remainder when a(0) is divided by g?
8
Let y be 7/(-2)*8*-1. Let c be 49/28 - (-50)/40. Suppose -4*p + 5*x = -371, -y = -c*p - 5*x + 224. What is the remainder when p is divided by 30?
29
Suppose 153*h + 160 = 157*h - 4*y, 2*h + 4*y = 62. Calculate the remainder when h is divided by 35.
2
Let d(a) = 4*a - 8. Let i be d(3). Suppose 6*l - l - 510 = 5*h, -i*l + 3*h + 408 = 0. Calculate the remainder when l is divided by 56.
46
Suppose -6*c + 3*c + 13 = 5*d, 5*d = 3*c - 23. What is the remainder when 650 is divided by c?
2
Let r = -109 + 134. Suppose -30*h + 75 = -r*h. Calculate the remainder when 28 is divided by h.
13
Let p(b) = 2*b**2 + 44*b + 9. Let o be p(-22). Calculate the remainder when 1*(2 - o/3)*-95 is divided by (-7 - -3)/(4/(-16)).
15
Let v = 2522 + -1770. Calculate the remainder when v is divided by 33.
26
Let x(u) = u + 19. Let c(d) = -d - 17. Let a(b) = 2*c(b) + 3*x(b). Calculate the remainder when 735 is divided by a(-5).
15
Let z = 9651 + -9618. Suppose w - 4*y - 367 = -2*w, -25 = -5*y. Calculate the remainder when w is divided by z.
30
Suppose 31 + 140 = 12*p - 213. What is the remainder when 2909 is divided by p?
29
Let m(p) = 2*p**3 - 3*p**2 - 59*p + 71. Calculate the remainder when 4836 is divided by m(6).
39
Let s(g) = -g**3 + 5*g**2 + 18*g - 34. Let l be s(7). What is the remainder when (15/l)/(9/(-558)) is divided by 16?
11
Suppose -273*r - 12405 = -815298. What is the remainder when r is divided by 173?
0
Suppose 0 = -5*p + 37 - 72, -3*y = -3*p - 123. Calculate the remainder when 2327 is divided by y.
15
Suppose 319*b + 40*b - 11129 = 0. Let a be (-3 + 7)*(-9)/(-4). Suppose 5*d + 24 = 3*x, -40 = 4*x - a*x + 4*d. What is the remainder when b is divided by x?
7
What is the remainder when 123 is divided by 5 + 3 + 13/(143/275)?
24
Let b(m) = 40*m - 2. Let t be b(1). Suppose -27*r + t = -25*r. What is the remainder when 7/((-3)/(-19 + -2)) is divided by r?
11
Suppose 0 = -338*r + 378*r - 7640. Calculate the remainder when 956 is divided by r.
1
Let o = -5082 - -5184. What is the remainder when 2341 is divided by o?
97
Let w = 3003 - 2963. Suppose 3*m - 85 = -8*h + 4*h, m = 5*h - 92. Calculate the remainder when w is divided by h.
2
Suppose 3*t - 80 - 31 = 0. Let u be 2 + (-2 - -2) + -56 + 186. Suppose 435 = 3*d - z, u = 2*d - 5*z - 145. What is the remainder when d is divided by t?
35
Let t = 383 - 196. Suppose -t = -8*m + 1461. What is the remainder when m is divided by 30?
26
Let i(v) = 2*v**2 + 210*v - 999. What is the remainder when 276 is divided by i(5)?
74
Calculate the remainder when 2665 is divided by 89 - ((-20)/(-10) + -4 - -5).
85
Suppose 55*j = -53*j + 2268. Let t(a) = -10*a - 3. What is the remainder when t(-4) is divided by j?
16
Let k = 451 - 448. Calculate the remainder when 24 is divided by k/4*64/16.
0
Let k = 120 + -117. Suppose k*q + 2*l - 401 = 0, q + l - 61 - 71 = 0. What is the remainder when q is divided by 35?
32
Calculate the remainder when 11/(-1)*(-23370)/205 is divided by 250.
4
Let v(a) = -3*a**2 + 107*a - 157. Calculate the remainder when 158 is divided by v(34).
2
Let k(s) = -37*s - 10. Let g be (-16)/(-20)*(-25)/10. Let b be k(g). Suppose 2*d - b = 4*f, -3*d + 39 = -d + f. Calculate the remainder when 42 is divided by d.
20
Let q(g) be the second derivative of -g**5/20 - 3*g**4/2 + 19*g**3/6 + 5*g**2 + 5*g. Let b = 259 - 150. What is the remainder when b is divided by q(-19)?
9
Suppose 464 = -23*d + 1453. Calculate the remainder when 63 is divided by d.
20
Let h(j) = -6*j**2 + 98*j + 189. What is the remainder when 188 is divided by h(18)?
8
Let y(b) = b**2 - 15*b - 167. What is the remainder when y(24) is divided by 37?
12
Suppose -5*v + 4*r = 3*r - 125, 140 = 5*v + 2*r. Suppose 49*d + 56*d - 9178 = 1532. What is the remainder when d is divided by v?
24
Suppose 59*g = 26*g + 264. What is the remainder when 1914 is divided by g?
2
Let p be (-3500)/14 + 1 + -2. Let y = p + 424. Suppose -4*u + 22 = -3*u. Calculate the remainder when y is divided by u.
19
Let d = 287 - 323. Let v = d + 84. Calculate the remainder when 77 is divided by v.
29
Let s(j) = 4*j**2 + 18*j - 22. What is the remainder when s(-6) is divided by 9?
5
Suppose -215 = -k + 169. Calculate the remainder when k is divided by 56.
48
Let y(z) = z**3 + 18*z**2 + 81*z + 75. What is the remainder when y(-11) is divided by 10?
1
Suppose -7*k + 9278 + 15933 = 10*k. Calculate the remainder when k is divided by 55.
53
Let f(b) = 6*b**2 + 73*b - 55. Let s = 33 + -5. Calculate the remainder when s is divided by f(-13).
8
Suppose 118*s = 132*s - 6468. Calculate the remainder when s is divided by 18.
12
Let b be -1*(-266)/(10 - 3). Suppose 1218 = -b*y + 5094. Calculate the remainder when y is divided by 35.
32
Let k be 33/44 - (-3)/(-4). Suppose 5*y + 5*j - 340 = k, -3*y + 200 = -0*y + 5*j. Calculate the remainder when y is divided by 12.
10
Suppose -4*l - 2 = -50. Suppose -37 = -5*s - l. Let k(b) = b**2 + 6*b + 4. Calculate the remainder when k(s) is divided by 12.
11
Suppose 0 = -2*d - 6, 16*i - 3*d = 18*i - 1191. Let x = i - 400. Calculate the remainder when x is divided by 69.
62
Suppose 63*q = -49*q + 2352. Calculate the remainder when 187 is divided by q.
19
Let b(l) = 36*l - 122. Let y be b(3). Calculate the remainder when ((-668)/(-12))/(1/3) is divided by (-462)/y + 2 + -7.
27
Let s be 6/36*6 + -1. Suppose 50*m + 10084 - 29934 = s. Calculate the remainder when m is divided by 57.
55
Let u(m) = -5*m**3 + 10*m**2 + 31*m + 6. Let d be u(-3). Suppose 5*j - 281 = -2*n + 10*j, -n + 5*j + d = 0. What is the remainder when n is divided by 8?
7
Let r = -22982 - -27879. What is the remainder when r is divided by 50?
47
Suppose -z = -1 - 1. Let q be (-1 + (2 - z))*(1 - 1). Suppose q = -j - 39 + 111. What is the remainder when j is divided by 37?
35
Suppose -4*t + c = -266, 0 = -2*c + 4*c + 4. Let r = 28 - 19. Suppose q = r*q - 136. What is the remainder when t is divided by q?
15
Let p be 2/7 + (-130)/(-35). What is the remainder when -3 - (-12 + (1 - 2 - 0)) is divided by -1 + (p/1 - -4)?
3
Let m be 4 + 0*(-2)/14. Suppose 3*v = m*i - 290, 4*v + 25 = i - 41. What is the remainder when i is divided by 13?
9
Suppose y -